r of y and 140?
28
Let y(r) = r**3 + 3*r**2 + 2. Let q be y(-2). Calculate the highest common divisor of 4 and q.
2
Suppose 39 = v - 59. Calculate the highest common divisor of v and 14.
14
Suppose -24 = -5*o + 3*o. Suppose 0*m = 4*z + 2*m - 4, 8 = -z - 5*m. Suppose 2*g = z + o. What is the greatest common factor of g and 14?
7
Let s(v) = -4*v + 2. Let w be s(4). Let i = w - -32. Suppose 0 = -0*o + o - 6. What is the highest common factor of o and i?
6
Suppose 0 = 2*w - 0*w - 16. Let x(h) = -h**3 + 2. Let l be x(-2). Let p be (-98)/(-5) + 4/l. Calculate the greatest common divisor of p and w.
4
Suppose 0 = -r - 3*f - 297, 4*r + 3*f + 609 = 2*r. Let d be (-40)/6*r/10. Calculate the highest common factor of 26 and d.
26
Let d be 2845/35 - (-4)/(-14). What is the greatest common factor of d and 9?
9
Suppose -2*y + y = -2. Suppose 0 = x - 0*x - y. Let a be ((-1)/x + 1)*8. Calculate the greatest common divisor of a and 20.
4
Let z = -2 - -6. Suppose -z*l + 6*l = 10. Let x = 43 + l. Calculate the highest common divisor of x and 16.
16
Let q = 61 + -90. Let m = q - -50. Suppose s = -3*s + 28. Calculate the highest common factor of s and m.
7
Suppose 137*o = 142*o - 120. Suppose 3*s - 18 = 2*c, s + 3*s - 2*c - 26 = 0. Calculate the greatest common divisor of s and o.
8
Let q be -1 + (-2 - (-4 + -1)). Let z be -1*(3 + (-36)/q). Calculate the greatest common divisor of 30 and z.
15
Let y be (2 - -2 - 2)/(-1). Let s be (y - (-2 + 1))*-320. Suppose -2*a + s = 2*a. Calculate the greatest common divisor of 32 and a.
16
Let h(x) = 0 + 11*x**2 + 8*x - 12*x**2 - 6. Let b be h(7). Calculate the highest common divisor of 1 and b.
1
Let r be 4/14 - (-2409)/21. Let c be 68/3 - (-3)/9. What is the greatest common factor of c and r?
23
Suppose 268 = -3*u + 73. Let w = 109 + u. What is the greatest common factor of 11 and w?
11
Let c(f) = -f + 4*f - 3*f - f**2. Let a(m) = -4*m**2 - 5*m + 3. Let j(y) = -a(y) + 5*c(y). Let h be j(3). What is the greatest common divisor of h and 6?
3
Suppose 4*c - 9 = c. What is the highest common factor of 27 and c?
3
Let y(s) = s**3 + 9*s**2 - s + 7. Let m be y(-9). Let c be (-3 - 0) + 2 + 17. Calculate the greatest common factor of m and c.
16
Let o be (99/(-55))/((-6)/20). Calculate the highest common divisor of 2 and o.
2
Let c = 31 + -19. Let t(x) = x**3 + 9*x**2 + 7*x + 8. Let d be t(-4). Calculate the greatest common factor of c and d.
12
Suppose 0 = 5*t - 2*m - 20, -t - 17 = -3*t - m. Calculate the highest common divisor of t and 4.
2
Suppose 3*r - 8 = 10. Suppose q = 24 - r. What is the greatest common factor of q and 72?
18
Let w be 0 + 0 - (-10)/2. Suppose -2*p = 21 - 35. Let o = p + w. What is the greatest common factor of 30 and o?
6
Suppose 5*a - 4 = 46. Calculate the highest common factor of 5 and a.
5
Let r be 3 + 3 + -2 + 0. Suppose i + 3*i + 9 = -z, 0 = -5*z - r*i + 19. Calculate the highest common divisor of z and 7.
7
Let w = -15 - 11. Let a = w + 58. What is the greatest common divisor of a and 4?
4
Let f be -19 + 18 + (15 - (-3 - -2)). Calculate the highest common factor of 3 and f.
3
Let u(k) = k**2 - 9*k + 5. Let o be u(10). Calculate the greatest common factor of o and 20.
5
Suppose 9*n - 56 = 5*n. Let p = 140 + n. What is the greatest common divisor of p and 22?
22
Suppose 0 = -7*b - 2*b + 1368. What is the highest common divisor of 38 and b?
38
Let g(k) = k - 7. Let t be g(9). Suppose 17 - 65 = -t*v. Let i be 9/(9/v*1). Calculate the highest common factor of 60 and i.
12
Let x = -58 - -85. Let n(f) = 4*f**2 + 4*f**2 - 5*f + 8*f - 4*f. Let d be n(-1). Calculate the greatest common divisor of d and x.
9
Let j(a) = a**3 - 3*a**2 + a. Let q be j(1). Let k be q/(-3) - 148/(-6). Let f be (0/1 - -1) + 9. What is the highest common divisor of k and f?
5
Let l = 42 - 29. What is the highest common divisor of l and 117?
13
Let l be (-48)/9*6/(-4). Suppose 2*m - l - 20 = 0. Calculate the greatest common divisor of 70 and m.
14
Let v(w) = w + 33. Let x be v(0). Let z be -6*(0 - (-2)/4). Let u = z + 6. Calculate the greatest common factor of x and u.
3
Let q be ((-12)/(-3) - 4) + 0. Let u be q*(-3 - -2) - -2. Calculate the greatest common factor of 14 and u.
2
Let a(r) = r**3 - 7*r**2 + 5*r - 8. Let j be a(7). Calculate the highest common divisor of j and 3.
3
Let z(r) = r + 47. Let t be z(-17). Calculate the greatest common factor of t and 120.
30
Suppose -f - 4 = z + z, 4 = -5*z - 4*f. Let q be (z - 11) + 0 + 1. Let n = q - -24. What is the highest common factor of 90 and n?
10
Let w(v) = v**3 + 6*v**2 + 4*v - 1. Let c be w(-5). Let m = c - 4. Suppose 0 = -m*k + 4*k - 112. What is the greatest common divisor of 4 and k?
4
Let b be (-11)/((-55)/120) + 1. What is the greatest common factor of 225 and b?
25
Let m be -1 - (-1 + -2) - -17. Let z = m - -36. What is the greatest common factor of 11 and z?
11
Suppose 215 = 5*a - 285. Let h = -2 - -5. Suppose h*z - 34 = o, 0*z + 4*o + 6 = -z. What is the highest common factor of a and z?
10
Let i be -2 - (-86 + (-3 - 1)). Calculate the highest common factor of i and 22.
22
Let g be 3/(6/(-26)) + -1. Let h be (-4)/g + 1256/14. What is the greatest common factor of h and 10?
10
Let q = 30 + 2. Let a(m) = -16*m. Let y be a(-3). What is the highest common factor of y and q?
16
Let t = -8 - -11. What is the greatest common divisor of t and 9?
3
Suppose -5*o + 185 = -2*y, 0 = -4*y - o - 165 - 216. Let u = -32 - y. Calculate the highest common divisor of 7 and u.
7
Let c(t) = -t**2 + 8*t + 4. Let x be c(8). Suppose 0 = k - x. Let a be (1 + -3)*(-18)/k. Calculate the highest common divisor of a and 72.
9
Suppose -5 = -4*f + 3*s - 2, 2*s + 9 = 5*f. Suppose -f*g - g + 12 = 0. What is the highest common divisor of 3 and g?
3
Let d = -69 - -105. Suppose d = 7*f - 3*f. Suppose 2*j - 354 = -5*u, 4*u = -j - 0*j + 285. What is the greatest common factor of u and f?
9
Let b = 17 + -9. Let i(k) = 28*k. Let q be i(2). Calculate the greatest common factor of b and q.
8
Let j = -245 - -407. Let a = -5 - -23. Calculate the highest common divisor of a and j.
18
Let n = 67 + -63. Calculate the highest common divisor of n and 12.
4
Let t(u) = -u**2 + 5*u + 3. Let j be t(4). Let i = 54 + -40. Calculate the highest common divisor of j and i.
7
Let a(j) = -j**3 - 11*j**2 + 12*j + 2. Let c be a(-12). What is the greatest common divisor of 14 and c?
2
Let b(g) = 6*g**2 - 4*g + 2. Let z be b(3). What is the greatest common factor of z and 4?
4
Let g(w) = w**3 + w**2 - w. Let h be g(-1). Let y = 2 - h. Let s be (4/(-10))/(y/(-5)). What is the highest common factor of 4 and s?
2
Suppose -26 = 5*x - 126. Let v be 881/4 + 11/(-44). Calculate the greatest common factor of v and x.
20
Let p be -1 + 7 + 4/(-1). Let j(x) = -77*x**3 + x**2 - x - 1. Let w be j(-1). Suppose -3*l + w = 24. Calculate the highest common factor of l and p.
2
Let o be ((-3)/(-6))/((-1)/(-8)). Suppose 5*r - 2 - 1 = 2*q, -o*q + 36 = 4*r. Calculate the greatest common factor of 30 and q.
6
Let w(q) = -q - 15. Let a be w(-30). Calculate the greatest common factor of 75 and a.
15
Let m(k) = k**2 + k + 26. Let x be m(0). Let l = x - 11. What is the greatest common factor of 3 and l?
3
Suppose -4*c + r = -8, -r + 0*r + 10 = 5*c. Calculate the greatest common factor of 16 and c.
2
Let r = 5 - -3. Let x be 5/20 - (-102)/r. Calculate the highest common factor of 91 and x.
13
Suppose -2*l + 24 = 3*a, -22 - 2 = -2*l + 5*a. Calculate the highest common divisor of 12 and l.
12
Let d be -3 + (-4 + 2 - -7). What is the highest common divisor of 10 and d?
2
Suppose -540 = -3*a - 2*a. Calculate the highest common divisor of 27 and a.
27
Let n = -59 - -85. Calculate the greatest common divisor of n and 416.
26
Let w be (3 + 0)*(-4)/6. Let b(h) = -h**2 + 7*h - 4. Let r be b(6). Let a be r*-12*w/4. Calculate the highest common divisor of 12 and a.
12
Let f(q) = -73 + 73 - 10*q. Let m be f(-4). Calculate the highest common divisor of m and 16.
8
Suppose 0 = -0*v - 2*v + 24. Let q = -44 + 56. What is the greatest common divisor of v and q?
12
Suppose 6 + 5 = 2*v + 5*t, -t - 9 = -v. What is the highest common divisor of 8 and v?
8
Let h(t) = 13*t**2 + t + 2. Let x be h(-2). Suppose 2*c + c - 39 = 0. Calculate the greatest common factor of c and x.
13
Suppose -